{"id":4144,"date":"2024-07-02T16:51:50","date_gmt":"2024-07-02T19:51:50","guid":{"rendered":"https:\/\/www.casinhadebrincar.com.br\/loja\/?post_type=product&#038;p=4144"},"modified":"2024-07-02T16:54:49","modified_gmt":"2024-07-02T19:54:49","slug":"brinquedoteca-e-playground-embraed","status":"publish","type":"product","link":"https:\/\/www.casinhadebrincar.com.br\/loja\/produto\/brinquedoteca-e-playground-embraed\/","title":{"rendered":"Brinquedoteca e Playground &#8211; Embraed"},"content":{"rendered":"<p>Apresentamos a brinquedoteca exclusiva que fabricamos para Embraed &#8211; Aurora Exclusive Home em Balne\u00e1rio Cambori\u00fa &#8211; SC, esse empreendimento se destaca como uma verdadeira obra de arte com padr\u00f5es de excel\u00eancia em constru\u00e7\u00e3o. A brinquedoteca com design l\u00fadico \u00e9 um convite \u00e0 imagina\u00e7\u00e3o, enquanto as estruturas robustas e os materiais de alta qualidade garantem a seguran\u00e7a e a durabilidade.<\/p>\n<p>Trabalhar mais uma vez para Embraed foi uma honra, desde o in\u00edcio at\u00e9 os \u00faltimos retoques, cada detalhe foi planejado para criar algo excepcional, garantindo um ambiente seguro, cativante e dur\u00e1vel.<br \/>\nUma combina\u00e7\u00e3o perfeita, pois assim como Embraed, a Casinha de Brincar tamb\u00e9m preza muito pela excel\u00eancia na fabrica\u00e7\u00e3o das pe\u00e7as que superam todas as expetativas.<br \/>\nQue esta brinquedoteca seja sempre especial, um mundo de imagina\u00e7\u00e3o e alegria, inspira\u00e7\u00e3o de sonhos e muito amor compartilhado!<\/p>\n<p>&nbsp;<\/p>\n<p><a href=\"https:\/\/www.youtube.com\/watch?v=3sToj8gJ9tQ\" target=\"_blank\" rel=\"noopener noreferrer\">Clique aqui e veja o v\u00eddeo.<\/a><\/p>\n","protected":false},"excerpt":{"rendered":"<p>Apresentamos a brinquedoteca exclusiva que fabricamos para Embraed &#8211; Aurora Exclusive Home em Balne\u00e1rio Cambori\u00fa &#8211; SC, esse empreendimento se destaca como uma verdadeira obra de arte com padr\u00f5es de excel\u00eancia em constru\u00e7\u00e3o. A brinquedoteca com design l\u00fadico \u00e9 um convite \u00e0 imagina\u00e7\u00e3o, enquanto as estruturas robustas e os materiais de alta qualidade garantem a [&hellip;]<\/p>\n","protected":false},"featured_media":4150,"comment_status":"open","ping_status":"closed","template":"","meta":[],"class_list":["post-4144","product","type-product","status-publish","has-post-thumbnail","hentry","product_cat-personalizado"],"_links":{"self":[{"href":"https:\/\/www.casinhadebrincar.com.br\/loja\/wp-json\/wp\/v2\/product\/4144","targetHints":{"allow":["GET"]}}],"collection":[{"href":"https:\/\/www.casinhadebrincar.com.br\/loja\/wp-json\/wp\/v2\/product"}],"about":[{"href":"https:\/\/www.casinhadebrincar.com.br\/loja\/wp-json\/wp\/v2\/types\/product"}],"replies":[{"embeddable":true,"href":"https:\/\/www.casinhadebrincar.com.br\/loja\/wp-json\/wp\/v2\/comments?post=4144"}],"wp:featuredmedia":[{"embeddable":true,"href":"https:\/\/www.casinhadebrincar.com.br\/loja\/wp-json\/wp\/v2\/media\/4150"}],"wp:attachment":[{"href":"https:\/\/www.casinhadebrincar.com.br\/loja\/wp-json\/wp\/v2\/media?parent=4144"}],"curies":[{"name":"wp","href":"https:\/\/api.w.org\/{rel}","templated":true}]}}