{"id":3885,"date":"2022-06-20T10:27:52","date_gmt":"2022-06-20T13:27:52","guid":{"rendered":"https:\/\/www.casinhadebrincar.com.br\/loja\/?post_type=product&#038;p=3885"},"modified":"2026-01-30T11:49:23","modified_gmt":"2026-01-30T14:49:23","slug":"cavalete-de-artes","status":"publish","type":"product","link":"https:\/\/www.casinhadebrincar.com.br\/loja\/produto\/cavalete-de-artes\/","title":{"rendered":"Cavalete de artes transparente"},"content":{"rendered":"<table width=\"614\">\n<tbody>\n<tr>\n<td width=\"170\"><strong>Dimens\u00f5es<\/strong><\/p>\n<p><strong>\u00a0<\/strong><\/td>\n<td width=\"444\"><strong>Modelo P &#8211; R$ 1.515,00<\/strong><\/p>\n<p>Altura 1,03 m<\/p>\n<p>Largura 86 cm<\/p>\n<p>Profundidade 50 cm<\/p>\n<p><strong>\u00a0<\/strong><\/p>\n<p><strong>Modelo M &#8211; R$ 1.990,00<\/strong><\/p>\n<p>Altura 1,28 m<\/p>\n<p>Largura 92 cm<\/p>\n<p>Profundidade 60 cm<\/p>\n<p><strong>\u00a0<\/strong><\/p>\n<p><strong>Modelo G &#8211; R$ 2.640,00<\/strong><\/p>\n<p>Altura 1,35 m<\/p>\n<p>Largura 1,15 m<\/p>\n<p>Profundidade 70 cm<\/p>\n<p><strong>\u00a0<\/strong><\/td>\n<\/tr>\n<tr>\n<td width=\"170\"><strong>Materiais<\/strong><\/td>\n<td width=\"444\">Madeiras nobres (de lei).<\/p>\n<p>*Madeiras Nobres s\u00e3o aquelas com elevadas durabilidade natural, resist\u00eancia, bom aspecto geral e estabilidade em todos os sentidos. Utilizamos madeiras nobres de fornecedores que possuem <strong>DOF<\/strong> (Documento de Origem Florestal \u2013 Instituto Brasileiro do Meio Ambiente e dos Recursos Naturais Renov\u00e1veis). N\u00e3o usamos MDF e compensado.<\/p>\n<p><strong>Para maior seguran\u00e7a, ao inv\u00e9s do vidro n\u00f3s utilizamos o<\/strong> acr\u00edlico, oferecendo assim maior difus\u00e3o de luz e transpar\u00eancia. O acr\u00edlico mant\u00e9m as cores originais e a transpar\u00eancia, por ser protegido contra os raios solares UV.<\/td>\n<\/tr>\n<tr>\n<td width=\"170\"><strong>Pintura<\/strong><\/td>\n<td width=\"444\">Tintas esmalte a base d\u2019\u00e1gua Premium ecol\u00f3gica, at\u00f3xica, sem cheiro (Marca: Sherwin Williams).<\/p>\n<p>Sparlak Stain Plus: \u00c9 um impregnante para madeira que oferece alta repel\u00eancia \u00e0 \u00e1gua e um lindo acabamento acetinado, que real\u00e7a o relevo natural da madeira proporcionando mais beleza \u00e0 superf\u00edcie. Possui baixa forma\u00e7\u00e3o de filme, que \u00e9 capaz de acompanhar os movimentos naturais da madeira, n\u00e3o trinca e n\u00e3o descasca.<\/td>\n<\/tr>\n<tr>\n<td width=\"170\"><strong>Acabamento Artesanal<\/strong><\/td>\n<td width=\"444\">Alto padr\u00e3o. Fabricamos nossos produtos com processo artesanal, que valoriza e garante a exclusividade de cada pe\u00e7a. Nossa equipe cuida dos m\u00ednimos detalhes na fabrica\u00e7\u00e3o. A eleg\u00e2ncia e o tratamento art\u00edstico de nossos produtos oferecem um design que alia beleza \u00e0 durabilidade.<\/td>\n<\/tr>\n<tr>\n<td width=\"170\"><strong>Entrega e Montagem<\/strong><\/td>\n<td width=\"444\">A Casinha de Brincar realiza a entrega e temos op\u00e7\u00f5es de envio atrav\u00e9s de transportadora. As taxas de montagem n\u00e3o est\u00e3o inclusas no valor do produto. Para realizarmos cota\u00e7\u00e3o de entrega, entre em contato conosco.<\/td>\n<\/tr>\n<tr>\n<td width=\"170\"><\/td>\n<td width=\"444\">\n<h3><\/h3>\n<\/td>\n<\/tr>\n<\/tbody>\n<\/table>\n","protected":false},"excerpt":{"rendered":"<p>Inspire a imagina\u00e7\u00e3o e a criatividade com esse produto super vers\u00e1til! As crian\u00e7as podem pintar em ambos os lados ao mesmo tempo e se inspirar ao ar livre e criar muitas artes! E tamb\u00e9m podem ser usado na parte interna.<\/p>\n<p>Esse robusto cavelete de madeira inclui suporte de copo para\u00a0 lavar os pinc\u00e9is.<\/p>\n<p>Seja pintando com as m\u00e3os ou pinc\u00e9is, esse brinquedo oferecer\u00e1 infinitas possibilidades! Quanto temos um espa\u00e7o de arte em nossa casa, estamos oferecendo aos nossos filhos o dom da confian\u00e7a, do pensamento e independ\u00eancia criativa que ir\u00e1 durar para a vida toda! Vale a pena investir e aproveitar com toda fam\u00edlia!<\/p>\n","protected":false},"featured_media":3886,"comment_status":"open","ping_status":"closed","template":"","meta":[],"class_list":["post-3885","product","type-product","status-publish","has-post-thumbnail","hentry","product_cat-mobilia"],"_links":{"self":[{"href":"https:\/\/www.casinhadebrincar.com.br\/loja\/wp-json\/wp\/v2\/product\/3885","targetHints":{"allow":["GET"]}}],"collection":[{"href":"https:\/\/www.casinhadebrincar.com.br\/loja\/wp-json\/wp\/v2\/product"}],"about":[{"href":"https:\/\/www.casinhadebrincar.com.br\/loja\/wp-json\/wp\/v2\/types\/product"}],"replies":[{"embeddable":true,"href":"https:\/\/www.casinhadebrincar.com.br\/loja\/wp-json\/wp\/v2\/comments?post=3885"}],"wp:featuredmedia":[{"embeddable":true,"href":"https:\/\/www.casinhadebrincar.com.br\/loja\/wp-json\/wp\/v2\/media\/3886"}],"wp:attachment":[{"href":"https:\/\/www.casinhadebrincar.com.br\/loja\/wp-json\/wp\/v2\/media?parent=3885"}],"curies":[{"name":"wp","href":"https:\/\/api.w.org\/{rel}","templated":true}]}}