{"id":3783,"date":"2022-03-18T14:34:08","date_gmt":"2022-03-18T17:34:08","guid":{"rendered":"https:\/\/www.casinhadebrincar.com.br\/loja\/?post_type=product&#038;p=3783"},"modified":"2023-06-21T10:53:12","modified_gmt":"2023-06-21T13:53:12","slug":"casa-de-arvore-personalizada-com-tirolesa","status":"publish","type":"product","link":"https:\/\/www.casinhadebrincar.com.br\/loja\/produto\/casa-de-arvore-personalizada-com-tirolesa\/","title":{"rendered":"Casa de \u00c1rvore personalizada com tirolesa"},"content":{"rendered":"<p>Projeto personalizado em madeiras nobres de Ita\u00faba. Ao subir a escada voc\u00ea \u00e9 recebido em um magn\u00edfico deck com a fresca sobra das \u00e1rvores para acesso da casinha com quase oito metros quadrados. A ponte suspensa n\u00e3o poderia faltar! Balan\u00e7os, gangorra, jogo da velha, baldinho de roldana, descida r\u00e1pida, escalada e uma tirolesa! \u00c9 muita divers\u00e3o!<\/p>\n<p>\u2764\ufe0f\u2764\ufe0f\u2764\ufe0f<\/p>\n<p>Obrigada pela confian\u00e7a dessa fam\u00edlia t\u00e3o especial que tivemos a honra de atender!<\/p>\n","protected":false},"excerpt":{"rendered":"<p>A fam\u00edlia desejava uma casinha que oferecesse op\u00e7\u00f5es inesgot\u00e1veis de brincadeiras para seus filhos e algo que combinasse com seu jardim incluindo um lugar especial ao meio das \u00e1rvores.<\/p>\n<p>Todos os detalhes foram cuidadosamente elaborados para criar um lugar inesquec\u00edvel a essa fam\u00edlia!<\/p>\n","protected":false},"featured_media":3784,"comment_status":"open","ping_status":"closed","template":"","meta":[],"class_list":["post-3783","product","type-product","status-publish","has-post-thumbnail","hentry","product_cat-personalizado"],"_links":{"self":[{"href":"https:\/\/www.casinhadebrincar.com.br\/loja\/wp-json\/wp\/v2\/product\/3783","targetHints":{"allow":["GET"]}}],"collection":[{"href":"https:\/\/www.casinhadebrincar.com.br\/loja\/wp-json\/wp\/v2\/product"}],"about":[{"href":"https:\/\/www.casinhadebrincar.com.br\/loja\/wp-json\/wp\/v2\/types\/product"}],"replies":[{"embeddable":true,"href":"https:\/\/www.casinhadebrincar.com.br\/loja\/wp-json\/wp\/v2\/comments?post=3783"}],"wp:featuredmedia":[{"embeddable":true,"href":"https:\/\/www.casinhadebrincar.com.br\/loja\/wp-json\/wp\/v2\/media\/3784"}],"wp:attachment":[{"href":"https:\/\/www.casinhadebrincar.com.br\/loja\/wp-json\/wp\/v2\/media?parent=3783"}],"curies":[{"name":"wp","href":"https:\/\/api.w.org\/{rel}","templated":true}]}}