{"id":3667,"date":"2021-11-29T14:51:51","date_gmt":"2021-11-29T17:51:51","guid":{"rendered":"https:\/\/www.casinhadebrincar.com.br\/loja\/?post_type=product&#038;p=3667"},"modified":"2021-11-29T14:51:52","modified_gmt":"2021-11-29T17:51:52","slug":"casinha-personalizada-de-itauba","status":"publish","type":"product","link":"https:\/\/www.casinhadebrincar.com.br\/loja\/produto\/casinha-personalizada-de-itauba\/","title":{"rendered":"Casinha personalizada de Ita\u00faba"},"content":{"rendered":"<p>Casinha fabricada com madeiras nobres de Itauba, extremamente dur\u00e1vel e com excelentes par\u00e2metros de qualidade.<\/p>\n<p>A casinha conta com a mob\u00edlia que inclui lareira faz de conta, um aconchegante sof\u00e1, estante para livros e cozinha.\u00a0 Um espa\u00e7o para a crian\u00e7a sonhar, brincar e criar.<\/p>\n<p>Obrigada a essa fam\u00edlia querida pela oportunidade de fabricarmos essa casinha!<\/p>\n","protected":false},"excerpt":{"rendered":"<p>Essa casinha foi um projeto lindo de uma m\u00e3e para surpreender sua filha que ama os desenhos da Masha e o Urso.<\/p>\n","protected":false},"featured_media":3668,"comment_status":"open","ping_status":"closed","template":"","meta":[],"class_list":["post-3667","product","type-product","status-publish","has-post-thumbnail","hentry","product_cat-personalizado"],"_links":{"self":[{"href":"https:\/\/www.casinhadebrincar.com.br\/loja\/wp-json\/wp\/v2\/product\/3667","targetHints":{"allow":["GET"]}}],"collection":[{"href":"https:\/\/www.casinhadebrincar.com.br\/loja\/wp-json\/wp\/v2\/product"}],"about":[{"href":"https:\/\/www.casinhadebrincar.com.br\/loja\/wp-json\/wp\/v2\/types\/product"}],"replies":[{"embeddable":true,"href":"https:\/\/www.casinhadebrincar.com.br\/loja\/wp-json\/wp\/v2\/comments?post=3667"}],"wp:featuredmedia":[{"embeddable":true,"href":"https:\/\/www.casinhadebrincar.com.br\/loja\/wp-json\/wp\/v2\/media\/3668"}],"wp:attachment":[{"href":"https:\/\/www.casinhadebrincar.com.br\/loja\/wp-json\/wp\/v2\/media?parent=3667"}],"curies":[{"name":"wp","href":"https:\/\/api.w.org\/{rel}","templated":true}]}}