{"id":2468,"date":"2020-08-25T15:36:18","date_gmt":"2020-08-25T18:36:18","guid":{"rendered":"http:\/\/srv16.teste.website\/~casinhadebrincar\/loja\/?post_type=product&#038;p=2468"},"modified":"2026-01-30T14:50:49","modified_gmt":"2026-01-30T17:50:49","slug":"prateleira-para-livros","status":"publish","type":"product","link":"https:\/\/www.casinhadebrincar.com.br\/loja\/produto\/prateleira-para-livros\/","title":{"rendered":"Prateleira para livros"},"content":{"rendered":"<table width=\"603\">\n<tbody>\n<tr>\n<td colspan=\"2\" width=\"168\"><strong>Dimens\u00f5es<\/strong><\/td>\n<td width=\"435\">Conforme o modelo da casinha.<\/td>\n<\/tr>\n<tr>\n<td colspan=\"2\" width=\"168\"><strong>Cor<\/strong><\/td>\n<td width=\"435\">Personalizada. Disponibilizamos de v\u00e1rias cores de tecidos para o cliente escolher \u2013 Cole\u00e7\u00f5es inspiradoras.<\/td>\n<\/tr>\n<tr>\n<td colspan=\"2\" width=\"168\"><strong>Descri\u00e7\u00e3o<\/strong><\/td>\n<td width=\"435\">&#8211; Em madeira nobre de cedro vermelho sem brancal.<\/p>\n<p>&#8211; A Casinha de Brincar se preocupa em colocar cada detalhe em seu lugar, fazendo com que tudo fique perfeitamente encaixadinho e utiliz\u00e1vel.<\/p>\n<p>-Pintura: Tintas esmalte a base d\u2019\u00e1gua Premium ecol\u00f3gica, at\u00f3xica, sem cheiro, esmalte a base d\u2019\u00e1gua.<\/p>\n<p>&#8211; Pe\u00e7as lixadas. N\u00e3o cont\u00e9m farpas.<\/td>\n<\/tr>\n<tr>\n<td width=\"158\"><\/td>\n<td colspan=\"2\" width=\"444\"><\/td>\n<\/tr>\n<tr>\n<td width=\"158\"><strong>Entrega e Montagem<\/strong><\/td>\n<td colspan=\"2\" width=\"444\">Frete gr\u00e1tis acompanhando outros produtos de nossa linha (Casinhas, Playgrounds ou M\u00f3veis Infantis)<\/td>\n<\/tr>\n<tr>\n<td width=\"158\"><\/td>\n<td colspan=\"2\" width=\"444\"><\/td>\n<\/tr>\n<tr>\n<td width=\"158\"><\/td>\n<td colspan=\"2\" width=\"444\"><\/td>\n<\/tr>\n<\/tbody>\n<\/table>\n","protected":false},"excerpt":{"rendered":"<p>Prateleiras para os livros na casinha.<\/p>\n","protected":false},"featured_media":2469,"comment_status":"open","ping_status":"closed","template":"","meta":[],"class_list":["post-2468","product","type-product","status-publish","has-post-thumbnail","hentry","product_cat-mobilia"],"_links":{"self":[{"href":"https:\/\/www.casinhadebrincar.com.br\/loja\/wp-json\/wp\/v2\/product\/2468","targetHints":{"allow":["GET"]}}],"collection":[{"href":"https:\/\/www.casinhadebrincar.com.br\/loja\/wp-json\/wp\/v2\/product"}],"about":[{"href":"https:\/\/www.casinhadebrincar.com.br\/loja\/wp-json\/wp\/v2\/types\/product"}],"replies":[{"embeddable":true,"href":"https:\/\/www.casinhadebrincar.com.br\/loja\/wp-json\/wp\/v2\/comments?post=2468"}],"wp:featuredmedia":[{"embeddable":true,"href":"https:\/\/www.casinhadebrincar.com.br\/loja\/wp-json\/wp\/v2\/media\/2469"}],"wp:attachment":[{"href":"https:\/\/www.casinhadebrincar.com.br\/loja\/wp-json\/wp\/v2\/media?parent=2468"}],"curies":[{"name":"wp","href":"https:\/\/api.w.org\/{rel}","templated":true}]}}