{"id":2385,"date":"2020-08-24T16:52:41","date_gmt":"2020-08-24T19:52:41","guid":{"rendered":"http:\/\/srv16.teste.website\/~casinhadebrincar\/loja\/?post_type=product&#038;p=2385"},"modified":"2026-01-30T14:50:34","modified_gmt":"2026-01-30T17:50:34","slug":"mesa-e-cadeiras-torneadas-de-madeira-adulto","status":"publish","type":"product","link":"https:\/\/www.casinhadebrincar.com.br\/loja\/produto\/mesa-e-cadeiras-torneadas-de-madeira-adulto\/","title":{"rendered":"Mesa e cadeiras torneadas de madeira &#8211; Adulto"},"content":{"rendered":"<table width=\"603\">\n<tbody>\n<tr>\n<td width=\"168\"><strong>Dimens\u00f5es<\/strong><\/td>\n<td width=\"435\"><strong>Cadeira:<\/strong><\/p>\n<p>Largura: 39 cm<\/p>\n<p>Profundidade: 42 cm<\/p>\n<p>Altura: 86 cm<\/p>\n<p><strong>\u00a0<\/strong><\/p>\n<p><strong>Mesa:<\/strong><\/p>\n<p>Di\u00e2metro: 1,00 m<\/p>\n<p>Espessura: 25 mm<\/td>\n<\/tr>\n<tr>\n<td width=\"168\"><strong>Cor<\/strong><\/td>\n<td width=\"435\">Branco, amarelo, azul, vermelho, rosa, verde.<\/td>\n<\/tr>\n<tr>\n<td width=\"168\"><strong>Descri\u00e7\u00e3o<\/strong><\/td>\n<td width=\"435\">&#8211; Madeira Maci\u00e7a de Reflorestamento (Pinus Elliotti) e tampo da mesa em MDF.<\/p>\n<p>&#8211; Pintura laca fosca.<\/p>\n<p>&#8211; Pe\u00e7as lixadas &#8211; n\u00e3o cont\u00e9m farpas.<\/p>\n<p>&#8211; As pe\u00e7as da estrutura da cadeira s\u00e3o perfuradas e encaixadas deixando o produto com maior resist\u00eancia.<\/p>\n<p>&#8211; Peso suportado: 120 Kg.<\/p>\n<p style=\"text-align: justify;\">&#8211; As cadeiras s\u00e3o enviadas montadas. A mesa \u00e9 necess\u00e1rio fixar os p\u00e9s &#8211; acompanha parafuso e chave. Os parafusos n\u00e3o ficam aparentes.<br \/>\n&#8211; O conjunto conta com um processo artesanal que valoriza e garante a exclusividade de cada pe\u00e7a. Um tratamento art\u00edstico oferecendo design que alia beleza \u00e0 durabilidade.<\/p>\n<p>&#8211; Acompanha adesivo de feltro protetor para os p\u00e9s das cadeiras e mesa.<\/td>\n<\/tr>\n<\/tbody>\n<\/table>\n<table width=\"603\">\n<tbody>\n<tr>\n<td width=\"158\"><strong>Valor<\/strong><\/td>\n<td width=\"444\">Sob Consulta<\/td>\n<\/tr>\n<tr>\n<td width=\"158\"><strong>Entrega e Montagem<\/strong><\/td>\n<td width=\"444\">O produto \u00e9 enviado montado por transportadora.<\/p>\n<p>Taxa de entrega: \u00a0Sob consulta.<\/td>\n<\/tr>\n<tr>\n<td width=\"158\"><strong>Estoque<\/strong><\/td>\n<td width=\"444\">Sob encomenda.<\/td>\n<\/tr>\n<tr>\n<td width=\"158\"><\/td>\n<td width=\"444\"><\/td>\n<\/tr>\n<\/tbody>\n<\/table>\n","protected":false},"excerpt":{"rendered":"<p>Um charme de conjunto! Materiais resistentes e pe\u00e7as fabricadas artesanalmente com muita qualidade!<\/p>\n<p>*Fotos da doceria Michelle Ferreira Sucre Et Amour &#8211; Meia Praia, Itapema\/ SC.<\/p>\n","protected":false},"featured_media":2386,"comment_status":"open","ping_status":"closed","template":"","meta":[],"class_list":["post-2385","product","type-product","status-publish","has-post-thumbnail","hentry","product_cat-mobilia"],"_links":{"self":[{"href":"https:\/\/www.casinhadebrincar.com.br\/loja\/wp-json\/wp\/v2\/product\/2385","targetHints":{"allow":["GET"]}}],"collection":[{"href":"https:\/\/www.casinhadebrincar.com.br\/loja\/wp-json\/wp\/v2\/product"}],"about":[{"href":"https:\/\/www.casinhadebrincar.com.br\/loja\/wp-json\/wp\/v2\/types\/product"}],"replies":[{"embeddable":true,"href":"https:\/\/www.casinhadebrincar.com.br\/loja\/wp-json\/wp\/v2\/comments?post=2385"}],"wp:featuredmedia":[{"embeddable":true,"href":"https:\/\/www.casinhadebrincar.com.br\/loja\/wp-json\/wp\/v2\/media\/2386"}],"wp:attachment":[{"href":"https:\/\/www.casinhadebrincar.com.br\/loja\/wp-json\/wp\/v2\/media?parent=2385"}],"curies":[{"name":"wp","href":"https:\/\/api.w.org\/{rel}","templated":true}]}}