{"id":2375,"date":"2020-08-24T16:31:22","date_gmt":"2020-08-24T19:31:22","guid":{"rendered":"http:\/\/srv16.teste.website\/~casinhadebrincar\/loja\/?post_type=product&#038;p=2375"},"modified":"2026-01-30T14:51:03","modified_gmt":"2026-01-30T17:51:03","slug":"suporte-e-cortina-para-casinha","status":"publish","type":"product","link":"https:\/\/www.casinhadebrincar.com.br\/loja\/produto\/suporte-e-cortina-para-casinha\/","title":{"rendered":"Suporte e cortina para casinha"},"content":{"rendered":"<table width=\"603\">\n<tbody>\n<tr>\n<td width=\"168\"><strong>Dimens\u00f5es<\/strong><\/td>\n<td width=\"435\">Conforme o modelo da casinha.<\/td>\n<\/tr>\n<tr>\n<td width=\"168\"><strong>Cor<\/strong><\/td>\n<td width=\"435\">Personalizada. Disponibilizamos de v\u00e1rias cores de tecidos para o cliente escolher \u2013 Cole\u00e7\u00f5es inspiradoras.<\/td>\n<\/tr>\n<tr>\n<td width=\"168\"><strong>Descri\u00e7\u00e3o<\/strong><\/td>\n<td width=\"435\">&#8211; Suportes de cortina em madeira nobre de cedro vermelho sem brancal.<\/p>\n<p>&#8211; O suporte de cortina tamb\u00e9m pode ser utilizado como <strong><u>prateleira.<\/u><\/strong><\/p>\n<p>&#8211; A Casinha de Brincar se preocupa em colocar cada detalhe em seu lugar, fazendo com que tudo fique perfeitamente encaixadinho e utiliz\u00e1vel.<\/p>\n<p>-Pintura: Tintas esmalte a base d\u2019\u00e1gua Premium ecol\u00f3gica, at\u00f3xica, sem cheiro, esmalte a base d\u2019\u00e1gua.<\/p>\n<p>&#8211; Pe\u00e7as lixadas. N\u00e3o cont\u00e9m farpas.<\/td>\n<\/tr>\n<\/tbody>\n<\/table>\n<table width=\"603\">\n<tbody>\n<tr>\n<td width=\"158\"><strong>Entrega e Montagem<\/strong><\/td>\n<td width=\"444\">Frete gr\u00e1tis acompanhando outros produtos de nossa linha (Casinhas, Playgrounds ou M\u00f3veis Infantis)<\/td>\n<\/tr>\n<tr>\n<td width=\"158\"><strong>Estoque<\/strong><\/td>\n<td width=\"444\">Sob encomenda.<\/td>\n<\/tr>\n<tr>\n<td width=\"158\"><\/td>\n<td width=\"444\"><\/td>\n<\/tr>\n<\/tbody>\n<\/table>\n","protected":false},"excerpt":{"rendered":"<p style=\"text-align: justify;\">Enxoval da Casinha de Brincar: Produtos diferenciados de extremo bom gosto! Voc\u00ea percebe o capricho e carinho nos m\u00ednimos detalhes, trabalhamos com pe\u00e7as feitas a m\u00e3o com o toque \u201cWe Care About you\u201d, que enchem de gra\u00e7a a casinha.<\/p>\n","protected":false},"featured_media":2376,"comment_status":"open","ping_status":"closed","template":"","meta":[],"class_list":["post-2375","product","type-product","status-publish","has-post-thumbnail","hentry","product_cat-mobilia"],"_links":{"self":[{"href":"https:\/\/www.casinhadebrincar.com.br\/loja\/wp-json\/wp\/v2\/product\/2375","targetHints":{"allow":["GET"]}}],"collection":[{"href":"https:\/\/www.casinhadebrincar.com.br\/loja\/wp-json\/wp\/v2\/product"}],"about":[{"href":"https:\/\/www.casinhadebrincar.com.br\/loja\/wp-json\/wp\/v2\/types\/product"}],"replies":[{"embeddable":true,"href":"https:\/\/www.casinhadebrincar.com.br\/loja\/wp-json\/wp\/v2\/comments?post=2375"}],"wp:featuredmedia":[{"embeddable":true,"href":"https:\/\/www.casinhadebrincar.com.br\/loja\/wp-json\/wp\/v2\/media\/2376"}],"wp:attachment":[{"href":"https:\/\/www.casinhadebrincar.com.br\/loja\/wp-json\/wp\/v2\/media?parent=2375"}],"curies":[{"name":"wp","href":"https:\/\/api.w.org\/{rel}","templated":true}]}}